**2 + 142*k - 143*k. Calculate z(b).
5
Let x(z) be the second derivative of -z**5/20 - z**4/2 - 2*z**3/3 - z**2/2 + 16*z - 2. Determine x(-5).
-6
Let y(l) = -l - 5. Suppose -i - 2*a + 18 = 0, 0*a = -a + 2. Let j be 1/(i/(-12) - -1). Give y(j).
1
Let l(v) = -4*v - 11. Suppose -22 = h + 4*q, 10 + 32 = -5*h - 3*q. Calculate l(h).
13
Let u(r) = 2*r + 1 + 6 + 0 + 7. Determine u(-10).
-6
Let h(o) = -3*o**3 - o**2 - 2*o - 2. Let f be h(-2). Let i(m) = 24*m**3 - 45*m**3 - m**2 + f*m**3. Determine i(-1).
-2
Suppose g + 10 = -o, 3*o + g - 6*g - 10 = 0. Let f(d) = -d**2 - 3*d + 5. What is f(o)?
-5
Suppose o = -2*a - 22 + 8, -2*a + 2 = -3*o. Let h(j) be the second derivative of j**4/6 + 5*j**3/6 - 3*j**2/2 - 24*j. What is h(o)?
9
Let l(o) = -o**2 + 5*o. Let w be 7/(28/16) - 8. Let v be w/((-48)/(-4))*-12. What is l(v)?
4
Let p(v) = v**3 + 4*v**2 + 3*v. Let h be p(-3). Let s(w) = -w**3 + h*w**2 - 7*w**2 + 2*w**3 - 4. Calculate s(7).
-4
Let i = 321 - 321. Let v(x) be the second derivative of 2*x + i - 1/2*x**3 + 0*x**2. Give v(1).
-3
Let l(g) = 4*g - 118. Let s be l(27). Let j(h) = -2*h - 10. Give j(s).
10
Let z(l) be the first derivative of -l**2 - 11*l + 716. Calculate z(-7).
3
Let n(u) = 252*u - u**2 - 20 - 236*u - 13 + 4. Calculate n(13).
10
Let v(h) = h**2 - 4. Let q(f) = -69*f**2 + 67*f**2 + 0 - 2*f + f + 8. Let i(b) = 4*q(b) + 7*v(b). Calculate i(-5).
-1
Let b be (-12)/(-16)*48/9. Let l(s) = s**3 + 8*s**2 + 5*s - 7. Let u be l(-7). Let o(w) = -b*w + u + 7*w - 2*w. What is o(-6)?
1
Let v(s) = -s**3 + 11*s**2 - 10*s + 2. Suppose 54 = -z + 6*z + 4*m, -2*m = 4*z - 42. What is v(z)?
2
Let u(f) = 2*f**2 + 12*f - 2. Let d(k) = -3*k**2 - 14*k + 4. Let b(z) = 3*d(z) + 4*u(z). What is b(8)?
-12
Let c = 60 + -52. Suppose c = -3*b + b. Let i(s) = s - 1. Let w(y) = y**3 + 4*y**2 - 4*y + 10. Let f(x) = 6*i(x) + w(x). Give f(b).
-4
Let t(o) be the second derivative of 0 - 1/2*o**3 - 28*o + o**2 - 1/12*o**4. What is t(-5)?
-8
Let k(i) = 3*i - 2. Let m be 3/(-3)*(0 + 3) + 5. Suppose -4*j = -3*w + 23 - 3, 16 = m*w - 4*j. Give k(w).
10
Suppose i = -i - 2*f - 6, i + 2*f + 4 = 0. Let l = 1 + i. Let h(q) = 7*q**3 - q. Give h(l).
-6
Let d(t) = 12*t - 8. Let b(j) = j - 1. Let z(q) = -5*b(q) + d(q). Suppose -9*a + 3*a + 12 = 0. What is z(a)?
11
Let g(o) = 2*o**2 - o - 43 + 7 + 13 + 15. What is g(0)?
-8
Let m(n) = 26*n - 2. Let x(v) = -24*v + 1. Let q(a) = 3*m(a) + 4*x(a). What is q(1)?
-20
Let h(n) = -n**3 - 19*n**2 - 37*n - 44. Let b be h(-17). Let o(q) = q - 9. Give o(b).
-2
Let l(j) = 2*j + 1. Suppose 0*k = v + k - 2, 4*v - 2*k - 26 = 0. Let n(d) be the first derivative of d**3/3 - 2*d**2 - 2*d + 3. Let a be n(v). Determine l(a).
7
Let z(w) be the second derivative of -7/2*w**2 - 21*w + 1/2*w**3 + 0. Calculate z(8).
17
Suppose 0 = 2*h - 2*r + 4, 3*h + 2*r = -2*r + 29. Suppose 0 = -0*m - h*m. Suppose m*g + 4 = -2*g. Let z(q) = -q**2 - q. Calculate z(g).
-2
Let d(o) = o**2 - 12*o + 12. Let m(f) = f**2 + 2*f + 3. Let k be m(-2). Suppose 3*v = -2*v + h + 46, 4*v - 52 = -k*h. Give d(v).
-8
Let h(o) = -63*o + 9. Let u(i) = -29*i + 4. Let a(m) = -6*h(m) + 13*u(m). Determine a(6).
4
Let q(p) be the second derivative of p**5/20 + p**4/12 - p**3/6 + p**2/2 - 64*p + 1. Calculate q(-2).
-1
Suppose 0 = -83*x + 186*x - 103. Let l(y) be the second derivative of 7*y**5/20 + y**4/12 - y**3/6 - y. What is l(x)?
7
Let x(d) = -2*d. Let h = 32 + -28. Suppose -5*r - h*k = -9, 0*k - 3*k = -5*r + 2. What is x(r)?
-2
Let o(t) = -10*t - 2. Let l(r) = -11*r - 2. Let y(i) = -3*l(i) + 4*o(i). What is y(-3)?
19
Let b(c) = -2*c - 7. Let k(o) = o**2 + 11*o - 3. Let x be k(-12). Suppose 5 = -2*t - x. What is b(t)?
7
Let n(t) = t**3 + 13*t**2 + 21*t - 11. Let c be n(-11). Suppose c = 17*l - 19*l + 6. Let j(v) = v**2 - 5*v + 3. Calculate j(l).
-3
Let t(a) be the third derivative of -a**5/60 - 33*a**2. Let m = 14 + -15. Determine t(m).
-1
Let b(i) = 0*i + 0*i + 8399*i**2 - 8398*i**2 + 7*i - 7. Let o(h) = -h - 6. Let z be o(-6). Let j = -6 - z. Determine b(j).
-13
Suppose 5*a = -s - 12, 4*a + 5*s + 6 = -12. Let r(m) = -m**2 - 4*m - 4. Give r(a).
0
Suppose -2*b = -4*y + 2, 8*y = 4*b + 3*y + 4. Let t be -1*(-1 + 1 + -2). Let u(x) = t*x - 3*x + 3*x. Give u(b).
-2
Let w(h) = -h**2. Let r(u) = 12*u**2 + 1. Let c(p) = r(p) + 3*w(p). What is c(1)?
10
Suppose d = 2*p + 7, -2*d = 3*p + p + 2. Let k(u) = -3*u - 3. Let i be k(p). Let j(s) = -2*s - 3. Let w(v) = v - 2. Let g(b) = j(b) - 3*w(b). Give g(i).
-12
Let d(w) = w**2 + 4*w - 5. Let j = 1046 - 1051. Calculate d(j).
0
Let m(f) be the third derivative of f**5/60 + f**4/24 + 13*f**3/2 - 37*f**2. Give m(0).
39
Let g(t) = -4*t**2 + t + 12. Let k(o) = -5*o**2 + o + 13. Let h(m) = 6*g(m) - 5*k(m). What is h(0)?
7
Let x(l) = 7*l + 39. Let b be x(-6). Let j be (-3)/1 + 1 - (b - -13). Let z(f) = -f**3 - 13*f**2 - 12*f + 2. What is z(j)?
2
Suppose 0 = -7*x + 47 - 54. Let t(y) = -18*y**2 - 2*y - 1. Determine t(x).
-17
Let c(b) = -b - 2. Let n = 18 - -46. Suppose 0 = -5*f + 3*f + n. Let j = -26 + f. What is c(j)?
-8
Let y(i) = i**2 + 50. Suppose -294*a = -298*a. What is y(a)?
50
Suppose 5*x - 3*u = -2*u + 13, 5*x - 5*u = 5. Let f be 10*(3 + 0 + -1). Let m(j) = 2 + f*j**3 + 3*j - 19*j**3 - 3*j**2 + 0*j**2 - 5. What is m(x)?
6
Suppose 4*g - 27 = 5*g. Let u = -23 - g. Let w(n) = 0 - n - u + 6. Calculate w(0).
2
Let w(l) be the third derivative of l**5/60 - l**4/24 + 13*l**3/2 + 3*l**2 + 7. Calculate w(0).
39
Let w = 5 + 5. Suppose -w*t - 28 = 22. Let h(x) = x + 5. Give h(t).
0
Suppose -4*x = 101 - 109. Suppose 0 = 5*o - 25, o - 4 = x*c - 1. Let m(u) = -u**2 - 1. Calculate m(c).
-2
Let s(g) = 7*g**2 - 1. Suppose 6 = -0*f + 6*f. Suppose -f = 2*k - k. What is s(k)?
6
Let y(i) = -i**2 + i + 1. Let g = 9 + -7. Let b be ((-2)/g)/(12/12). What is y(b)?
-1
Let k(n) be the third derivative of -n**5/60 - n**4/4 - n**3/2 + 4*n**2. Let d(v) = v**2 - v. Let a(f) = 3*d(f) - k(f). What is a(-2)?
13
Let j(x) = x - 8. Let b be j(6). Let n(r) be the third derivative of -r**6/120 + r**4/12 + r**3/3 + 26*r**2. Determine n(b).
6
Let g(h) = h - 1. Let i be (-17)/(-1*(-1)/2). Let u = 31 + i. Determine g(u).
-4
Let x(h) = -h**3 + 6*h**2 + 7*h - 2. Let y(m) = m**2 - 4*m - 134. Let z be y(14). Give x(z).
40
Let f(b) = -6*b**3 - b - 1. Let v(s) = -6*s**2 - 5. Let j(n) = 7*n**2 + n + 5. Let h(g) = 5*j(g) + 6*v(g). Let w be h(4). Calculate f(w).
6
Let k(t) = -t - 9. Suppose -5 = 3*o - 8. Let s = o - 1. What is k(s)?
-9
Let z(t) = -2*t + 15. Let v(w) = -11*w**3 + 2*w**2 + 16*w + 15. Let q be v(-1). Calculate z(q).
-9
Suppose 4*l + 909 - 921 = 0. Let r(g) = 9*g - 2. Let c(x) = -5*x + 1. Let f(k) = -5*c(k) - 3*r(k). Give f(l).
-5
Let t = 60 - 61. Let y(d) = -d**2 + 1. Let f(o) = 10*o**3 + 3*o**2 + o - 1. Let p(a) = t*f(a) - 2*y(a). Determine p(-1).
9
Let d(q) be the third derivative of 5*q**4/24 - 11*q**2. Suppose 1 = 5*w - 24. Suppose -1 = -4*n + 5*l + w, 4*l = -5*n - 13. Give d(n).
-5
Suppose 0 = 29*v + 4*v - 198. Let d(i) = -i**2 + 8*i - 8. What is d(v)?
4
Let b(o) = o**3 - 4*o**2 + 3*o - 2. Let g be b(2). Let f(w) = 5*w + 3. Let h(j) = -j + 1. Let z(l) = f(l) + 2*h(l). Determine z(g).
-7
Let y(n) = 7*n + n - 11 - 4 + 17. What is y(-8)?
-62
Suppose -94*a + 75 = -109*a. Let m(z) = -5*z**2 + 10*z - 9. Let r be 15 + -1 - 2/2. Let d(l) = 11*l**2 - 21*l + 19. Let c(k) = r*m(k) + 6*d(k). Determine c(a).
2
Let g(j) = -j**3 - 5*j**2 + 1375*j + 16 - 1377*j + 4*j**2. What is g(0)?
16
Let r(q) = 26*q + 22. Let j be r(-1). Let d(w) = -w**2 - 5*w - 2. What is d(j)?
2
Let c be (-192)/(-30) - (12/5 + -2). Let l(x) = 2*x**3 - 7*x**2 + 4*x - 2. Let b(u) = 2*u**3 - 8*u**2 + 5*u - 2. Let o(r) = c*l(r) - 5*b(r). Determine o(2).
4
Suppose 6*i + 30 = 11*i. Suppose -i*r = 2*r - 56. Let t(w) = 3*w - 6 + 3 - 2*w. Calculate t(r).
4
Suppose 9*w - 11 - 16 = 0. Let h(c) = c - 6 + 3 - 7*c**w + 2. Calculate h(1).
-7
Let y = 3 - 2. Let j(i) = y + 5 - i - 4 + 1. Let x(w) = -w**3 + 2*w**2 - w - 3. Let q be x(2). What is j(q)?
8
Suppose 0 = 2*q + 3*q + 160. Let o = q + 47. Let k be 10/3 + (-5)/o. Let j(x) = x**3 - 3*x**2 + 4*x - 1. Determine j(k).
11
Let k(a) = -23*a - 190. Let t be k(-8). Let m(c) = -c + 7. Calculate m(t).
13
Let b be 40/16*(-30)/(-25). Let h(i) = -i**3 + 4*i**2 - 2*i - 2. What is h(b)?
1
Suppose -2*p - 4 = 4*j, 0 = -5